
Suppose i = 116 - 120, 4*i - 665 = -3*c. Calculate the remainder when c is divided by 85.
57
Let l(s) = -131*s + 11671. Calculate the remainder when 4244 is divided by l(81).
4
Let c = 185 - 14. Calculate the remainder when c is divided by (-43)/(-1) - (18/(-3) - -6).
42
Let n(a) = 130*a - 5702. Calculate the remainder when 970 is divided by n(44).
16
Suppose -5*v - 66 = -3*n, -475*n + 129 = -472*n + 2*v. Suppose 0 = -4*u + 474 + 370. Calculate the remainder when u is divided by n.
26
Suppose -4*u + 266 + 234 = 0. Suppose g + 37 = -2*a + 116, g = -3*a + 121. Calculate the remainder when u is divided by a.
41
Let m = 66 - 60. Let n be (-23)/(-138) + (-109)/m. What is the remainder when 120 is divided by (-12)/(-10)*(-45)/n + 38?
38
Let z(c) = c**3 - 4*c**2 - 8*c + 54. What is the remainder when 472 is divided by z(6)?
4
Let b = -1069 - -1594. Suppose -4*q - 5*a = -388, 2*q - a + 506 = 7*q. What is the remainder when q is divided by b/10*(-8)/(-12)?
32
Calculate the remainder when 764 is divided by (-14)/(-3)*16*(-18)/(-28).
44
Suppose -3*y = -2*q - 1683, 5*y + 94*q - 2818 = 93*q. What is the remainder when y is divided by 9?
5
Let k = -65 - -92. Calculate the remainder when k is divided by 16.
11
Suppose -10*w + 11*w = -6. What is the remainder when (-6 - -21) + (2 - w) is divided by 21?
2
Suppose -5*l + 2*a + 3121 = 0, -5*l = 2*a + 1143 - 4252. Let h = 49 - -29. Calculate the remainder when l is divided by h.
77
Suppose -3 = -3*a - z, 5*z = -2*a + 3*a + 15. Suppose a = -4*o - 0*o + 4, -r + 15 = o. Let s = r - 3. Calculate the remainder when 53 is divided by s.
9
Let v = 48 + 13. Let g = v - -22. What is the remainder when g is divided by (-2 - 1)/(3/(-21))?
20
Let u(o) = -17*o + 36. Let t be u(-4). Suppose t = 13*h - 26. What is the remainder when 84 is divided by h?
4
Suppose p + 2*z = 19 + 24, -5*p + 3*z + 176 = 0. What is the remainder when 166 is divided by p?
18
Suppose -599 = -5*m + l - 214, 4*l = 5*m - 385. Suppose 0 = 2*i - 5 - 15. What is the remainder when m is divided by i + -4 + 40/2?
25
Let w = -705 - -1072. Let z = -320 + w. What is the remainder when z is divided by 25?
22
Let p(a) = -a**2 + 5*a + 14. Let h be p(6). Let i = 73 - 109. What is the remainder when (i/h)/(-9)*22 is divided by 3?
2
Let p = 31 + -30. Let r be (9/(-3))/(p - 2). Calculate the remainder when 30 is divided by (-1)/(52/(-17) + r).
13
What is the remainder when 16540 is divided by 5/(1525/68808)*(-10)/(-6)?
372
Let s(g) = g**3 + 2*g**2 - 3*g - 3. Let u be s(-2). Suppose -515 = -u*v + 76. What is the remainder when v is divided by 18?
17
Let g(k) = 2*k - 25. Suppose 16 = -r + 18. Suppose a - 16 = -4*i - 3, 4*a = r*i - 2. Calculate the remainder when g(18) is divided by i.
2
Let k be (-10)/2 + 5/(30/42). Suppose 20*q - 16*q - 17 = -3*x, -k*x + 4*q + 38 = 0. What is the remainder when 18 is divided by x?
7
Suppose -5*i + 3*z = 1779, 0 = -z + 2 + 1. Let q = i + 800. Suppose 0 = -11*j - q + 2250. Calculate the remainder when j is divided by 15.
14
Suppose 3 = -3*u + b + 2*b, 0 = -u + 3*b - 7. Suppose u*t = 17 + 37. Let d(c) = 2*c**3 + 11*c**2 + c - 6. What is the remainder when t is divided by d(-5)?
13
Let v(a) = -a**2 - 58*a - 2. Calculate the remainder when v(-30) is divided by 66.
46
Let n = 791 - 428. Let p = 490 - n. What is the remainder when p is divided by 43?
41
Suppose 18*o - 50 = 8*o. Suppose 0 = -2*m - 5*t + 29, 3*t - 7*t - 122 = -o*m. What is the remainder when 74 is divided by m?
8
Let r(m) = 2*m**3 - m**2 - 5*m + 7. Let y = 39 + -19. Calculate the remainder when y is divided by r(0).
6
Suppose 91502*h = 91515*h - 65. What is the remainder when 2638 is divided by h?
3
Let a(k) = -1424*k - 3820. What is the remainder when a(-22) is divided by 15?
13
Suppose 3*g = -g + 20. Suppose 0*h = 3*h - g*t - 19, -61 = -5*h + t. What is the remainder when 128 is divided by h?
11
Calculate the remainder when 51276/69 - (-12)/(-92) is divided by 251.
241
Let j = -238 + 247. Suppose 0 = j*t - 7 - 317. What is the remainder when 140 is divided by t?
32
Suppose 4*f + 0*y + 4*y - 336 = 0, -5*y = -5*f + 450. Calculate the remainder when f is divided by 55.
32
Suppose 12 = -4*i, i = t + 6*i + 22. Let s = t + 63. Suppose 5*p - s = -2*p. Calculate the remainder when 46 is divided by p.
6
Suppose -6*x - 35*x = -9*x - 1472. Calculate the remainder when 404 is divided by x.
36
Let q(m) = m**2 - 11*m - 31. Let s(z) = 2*z**2 + 34*z - 4. Let l be s(-17). What is the remainder when 259 is divided by q(l)?
27
Let j be (-24 + (-3 - -7))/(-2). What is the remainder when 22 is divided by (2/j)/(57/(-15) + 4)?
0
Suppose 2*y = 22*v - 4128, -2*v + 25*y + 339 = 30*y. Let p = -64 + 128. Calculate the remainder when v is divided by p.
59
Let r(z) = -z**2 + 14*z + 7. Let a be r(11). Suppose -5*k + 30 + a = 0. Calculate the remainder when (2*4/(-4))/((-4)/50) is divided by k.
11
Let o(g) = 4*g**3 - 50*g**2 + 3*g - 57. Let h(v) = 2*v**3 - 26*v**2 + v - 28. Let b(q) = -5*h(q) + 2*o(q). What is the remainder when 153 is divided by b(15)?
30
Let r be 24/96 + (-15)/(-4). Suppose r*m + 10 = -v, -2*v - v = m - 25. Calculate the remainder when 23 is divided by v.
3
Let v = -73 + 107. Calculate the remainder when 10/((-10)/2) - -147 is divided by v - (0 + (-12)/4 + 0).
34
Let u(w) = 17*w - 141. Let i be u(16). Let z = -118 + i. What is the remainder when 129 is divided by z?
12
Let z(v) = -31 - 4*v**3 - 3*v + 2*v - 16*v**3 - 5*v**2 + 19*v**3. What is the remainder when 52 is divided by z(-6)?
8
What is the remainder when 1611 is divided by 5474/92*(-12)/(-14)?
30
Let q be (132/14)/(8/7 - 1). Let d = 69 - q. Suppose d*v + 210 = 10*v. Calculate the remainder when v is divided by 9.
3
Let x(w) = 2*w**3 - 4*w**2 + 79. What is the remainder when 1104 is divided by x(0)?
77
Let u(y) = 4*y**2 + 10*y - 91. Let d(k) = 11*k**2 + 30*k - 275. Let l(r) = -3*d(r) + 8*u(r). Calculate the remainder when 53 is divided by l(-15).
9
Let b(m) = 2*m + 116. What is the remainder when b(-29) is divided by 6/1 - (-20 + -4)?
28
Suppose 3*r - 4 = 5. Let j(d) = 3*d - 4 - 13*d**r + 20*d**3 - 3*d**2 + d - 6*d**3. What is the remainder when j(5) is divided by 14?
10
What is the remainder when 84 is divided by ((-1)/6*-3*-2)/((-21)/903)?
41
Let w(s) = 4*s**2 + 17*s + 15. Let n be w(-1). Suppose 51 = r - 2*h, -n*r - 2*h = -106 + 34. What is the remainder when r is divided by 5?
1
What is the remainder when (-2)/(-11) + (2 - (-114210)/198) is divided by 20?
19
Suppose -57 = -2*h + 19. Let z be (-2 - 62)*6/8. What is the remainder when h is divided by -2 + z/(4 - 7)?
10
Suppose 68*c + 1337 = 3*o + 63*c, -o = 5*c - 479. What is the remainder when o is divided by 14?
6
Let m = -10 - -15. Suppose -64*t + 2046 = -53*t. Suppose -m*z = -7*z + t. Calculate the remainder when z is divided by 19.
17
Let m = -174 - -176. Suppose -f + 4*s = 2 - 11, -2*s = m. What is the remainder when 43 is divided by f?
3
Suppose 7*z + 4*z = 1177. Let u = z + 450. What is the remainder when u is divided by 56?
53
Let i be (63/12)/(((-9)/8)/3). Let j be 214/i - 20/(-70). What is the remainder when 62 is divided by (44 - 5)*(2 - j/(-9))?
10
Suppose 3*z + 3*u - 243 = 0, -3*u = -5*z - u + 370. Suppose 8 - z = -a. Calculate the remainder when a is divided by 23.
22
Suppose 4*h - 5*h + 7 = 0. Let v(q) = 10*q - 28. Let y be v(h). Let t = 81 - y. What is the remainder when 77 is divided by t?
38
Suppose 19*s - 24 = 52. Suppose 2*n - 76 = 4*v, -160 + 32 = -4*n - s*v. Let a = 14 + 6. Calculate the remainder when n is divided by a.
14
Suppose -6*m - 33 = -9*m. Let q(h) = h + 6. Let o be q(m). Suppose -327 = -10*p - o. Calculate the remainder when 119 is divided by p.
26
Calculate the remainder when 2295/594*22 + (0 - 1)*2 is divided by (-22)/(-2) + 2/2.
11
Suppose 33*z + 4 = 34*z, 104 = 4*b - 5*z. What is the remainder when 11219 is divided by b?
28
Let q(s) = s**3 - 12*s**2 + 16*s - 21. Let r(y) = -y**2 - 12*y - 25. Let c = 35 - 41. Let t be r(c). Calculate the remainder when q(t) is divided by 14.
6
Let x be -50 - (44/66 - (-10)/3). Suppose -3*s - 157 = -4*j, -5*j + 3*j - 3*s = -65. What is the remainder when (-18)/x*(215 - 2) is divided by j?
34
What is the remainder when 898 is divided by (-6)/(4*(-19)/190)?
13
Let q(s) = s**3 + 4*s**2 - 10*s + 15. Let u(m) =